{"id":6489,"date":"2022-01-07T11:02:27","date_gmt":"2022-01-07T10:02:27","guid":{"rendered":"https:\/\/www.canginibenne.com\/datenschutzerklaerung\/"},"modified":"2024-06-20T14:32:05","modified_gmt":"2024-06-20T12:32:05","slug":"datenschutzerklaerung","status":"publish","type":"page","link":"https:\/\/www.canginibenne.com\/de\/datenschutzerklaerung\/","title":{"rendered":"Datenschutzerkl\u00e4rung"},"content":{"rendered":"\t\t<div data-elementor-type=\"wp-page\" data-elementor-id=\"6489\" class=\"elementor elementor-6489 elementor-39\" data-elementor-post-type=\"page\">\n\t\t\t\t\t\t<section class=\"elementor-section elementor-top-section elementor-element elementor-element-5504c0b elementor-section-stretched elementor-section-boxed elementor-section-height-default elementor-section-height-default\" data-id=\"5504c0b\" data-element_type=\"section\" data-e-type=\"section\" data-settings=\"{&quot;stretch_section&quot;:&quot;section-stretched&quot;}\">\n\t\t\t\t\t\t<div class=\"elementor-container elementor-column-gap-default\">\n\t\t\t\t\t<div class=\"elementor-column elementor-col-100 elementor-top-column elementor-element elementor-element-bad9d37\" data-id=\"bad9d37\" data-element_type=\"column\" data-e-type=\"column\">\n\t\t\t<div class=\"elementor-widget-wrap elementor-element-populated\">\n\t\t\t\t\t\t<div class=\"elementor-element elementor-element-978f8af elementor-widget elementor-widget-text-editor\" data-id=\"978f8af\" data-element_type=\"widget\" data-e-type=\"widget\" data-widget_type=\"text-editor.default\">\n\t\t\t\t<div class=\"elementor-widget-container\">\n\t\t\t\t\t\t\t\t\t<p class=\"p1\"><b>DATENSCHUTZERKL\u00c4RUNG \u2013 <\/b><span class=\"s1\"><b>www.canginibenne.com<\/b><\/span><b><span class=\"Apple-converted-space\">\u00a0<\/span><\/b><\/p><p class=\"p2\"><span class=\"Apple-converted-space\">\u00a0<\/span><\/p><p class=\"p3\">Geehrte Nutzerinnen und Nutzer, gem\u00e4\u00df Art. 13, Abs. 1 der europ\u00e4ischen Datenschutz-Grundverordnung (DSGVO) m\u00fcssen Sie im Falle der direkten Sammlung Ihrer Daten als Betroffene \u00fcber die Grundlagen der Verarbeitung Ihrer Daten laut \u00a7 1,<span class=\"Apple-converted-space\">\u00a0 <\/span>lit. a\/f informiert werden. In diesem Sinne informieren wir Sie wie folgt:<span class=\"Apple-converted-space\">\u00a0<\/span><\/p><p class=\"p5\"><span class=\"Apple-converted-space\">\u00a0<\/span><\/p><p class=\"p6\"><b>INHABER DER DATENVERARBEITUNGSRECHTE<\/b><\/p><p class=\"p7\">Inhaber der Datenverarbeitungsrechte ist die Firma <b>CANGINI BENNE S.R.L.<\/b>, mit Sitz in Sarsina in der Via Savio 29\/31<span class=\"Apple-converted-space\">\u00a0 <\/span>PEC (zertifizierte E-Mai-Adresse):<span class=\"s1\"> info@pec.canginibenne.com<\/span> E-MAIL: <span class=\"s1\">privacy@canginibenne.com<\/span> TEL.: 0547698020 FAX: 054794363<\/p><p class=\"p8\"><span class=\"Apple-converted-space\">\u00a0<\/span><\/p><p class=\"p6\"><b>ART DER DATENVERARBEITUNG:<span class=\"Apple-converted-space\">\u00a0<\/span><\/b><\/p><p class=\"p6\">Die von Ihnen bereitgestellten personenbezogenen Daten werden von uns unter Einhaltung aller Auflagen der o. a. DSGVO und unserer firmeninternen Vertraulichkeitsstandards verarbeitet. Diese Verarbeitung erfolgt sowohl auf Papier als auch elektronisch auf zweckgeeigneten Datentr\u00e4gern (wie zum Beispiel cloudbasierten Systemen, digitalen Archivierungs-\/Speicherungssystemen) und in jedem Fall so, dass alle von der DSGVO vorgegebenen technischen und organisatorischen Sicherheitsvorgaben eingehalten werden. <span class=\"Apple-converted-space\">\u00a0<\/span><\/p><p class=\"p8\"><b><span class=\"Apple-converted-space\">\u00a0<\/span><\/b><\/p><p class=\"p6\"><b>DATENKATEGORIEN: <span class=\"Apple-converted-space\">\u00a0<\/span><\/b><\/p><p class=\"p9\">Gegenstand der Verarbeitung k\u00f6nnen Ihre folgenden personenbezogenen Daten sein:<span class=\"Apple-converted-space\">\u00a0<\/span><\/p><ol class=\"ol1\"><li class=\"li10\"><b>Automatisch erhobene Daten<\/b>. Die f\u00fcr das Funktionieren der Website erforderlichen Informatiksysteme und Abl\u00e4ufe erheben w\u00e4hrend dem normalen Betrieb einige personenbezogene Daten, die bei der Benutzung der Internet-Kommunikationsprotokolle automatisch \u00fcbertragen werden. Diese Informationen werden nicht gesammelt, um identifizierten Betroffenen zugeordnet zu werden, k\u00f6nnten aber auf Grund ihrer Beschaffenheit durch Auswertungen und Zuordnungen zu Daten im Besitz Dritter eine Identifizierung der NutzerInnen m\u00f6glich machen. In diese Kategorie von Daten fallen die IP-Adressen oder die Domainnamen der von den Besuchern der Website benutzten Computer, die URI-Adressen (<i>Uniform Ressource Identifier<\/i>) der aufgerufenen Ressourcen, die Uhrzeit der Anfrage, die bei der Unterbreitung der Anfrage an den Server angewandte Methode, die Gr\u00f6\u00dfe der Antwortdatei, der numerische Code zur Identifizierung des Status der Serverantwort (erledigt, Fehler, usw.) und andere Parameter zum Betriebssystem und zur Informatikumgebung des Nutzers. Diese Daten werden nur verarbeitet, um statistische Informationen zur Nutzung der Websitedienste zu erhalten und deren korrekte Funktion zu \u00fcberwachen. <span class=\"Apple-converted-space\">\u00a0<\/span><\/li><li class=\"li7\"><b>Von Ihnen freiwillig bereitgestellte Daten<\/b>. F\u00fcr das freiwillige und ausdr\u00fcckliche Absenden elektronischer Post an die in den diversen Zugriffkan\u00e4len dieser Website angegebenen Kontaktadressen des Inhabers ist keine Einholung der Zustimmung des Absenders erforderlich, und die zum Beantworten der Anfrage erforderlichen Daten und die Adresse des Absenders sowie allf\u00e4llige andere im Schreiben angegebene personenbezogene Daten werden erhoben. Diese Daten verstehen sich als mit der Anfrage um Erbringung von Dienstleistungen freiwillig bereitgestellte Daten. Auf den Seiten \u201cKarriere\u201d,\u201cKontakt\u201c, \u201eH\u00e4ndler Werden\u201c und \u201cNewsletter\u201d dieser Website hingegen finden Sie zusammenfassende spezifische. Datenschutzerkl\u00e4rungen und m\u00fcssen der Nutzung Ihrer beim Ausf\u00fcllen der Formulare angegebenen Daten ausdr\u00fccklich zustimmen, um die Formulare absenden zu k\u00f6nnen.<span class=\"Apple-converted-space\">\u00a0<\/span><\/li><li class=\"li11\"><b>Cookies<\/b>. Diese Website benutzt Cookies. F\u00fcr weitere Informationen steht Ihnen eine eigene <b>Cookie-Datenschutzerkl\u00e4rung <\/b>zur Verf\u00fcgung.<span class=\"Apple-converted-space\">\u00a0<\/span><\/li><\/ol><p class=\"p6\"><b>QUELLE DER PERSONENBEZOGENEN DATEN: <span class=\"Apple-converted-space\">\u00a0<\/span><\/b><\/p><p class=\"p6\">Die im Besitz des Inhabers befindlichen personenbezogenen Daten werden direkt bei den Betroffenen gesammelt.<span class=\"Apple-converted-space\">\u00a0<\/span><\/p><p class=\"p12\"><b>ZWECKE UND RECHTSGRUNDLAGE DER DATENVERARBEITUNG:<span class=\"Apple-converted-space\">\u00a0<\/span><\/b><\/p><p class=\"p12\">Die Verarbeitung Ihrer Daten hat die folgenden Zwecke und Rechtsgrundlagen:<span class=\"Apple-converted-space\">\u00a0<\/span><\/p><ol class=\"ol1\"><li class=\"li7\">F\u00fcr die <b>automatische erhobenen Daten <\/b>ist die Rechtsgrundlage das legitime Interesse des Inhabers der Verarbeitungsrechte und der Zweck die Gew\u00e4hrleistung und Optimierung der Nutzung der Website.<span class=\"Apple-converted-space\">\u00a0<\/span><\/li><li class=\"li7\">F\u00fcr die <b>freiwillig bereitgestellten Daten<\/b> ist die Rechtsgrundlage die Erf\u00fcllung einer gesetzlichen Pflicht und der Zweck die Erm\u00f6glichung der Zusendung von Antworten auf die Anfragen der BesucherInnen; f\u00fcr die Seiten \u201cKarriere\u201d,\u201cKontakt\u201c, \u201eH\u00e4ndler Werden\u201c und \u201cNewsletter\u201d sind Zwecke und Rechtsgrundlage in den jeweils dort angef\u00fchrten spezifischen Datenschutzerkl\u00e4rungen angegeben.<span class=\"Apple-converted-space\">\u00a0<\/span><\/li><li class=\"li13\">F\u00fcr die <b>Cookies<\/b>: beachten Sie bitte die spezifische Datenschutzerkl\u00e4rung f\u00fcr Cookies.<span class=\"Apple-converted-space\">\u00a0<\/span><\/li><\/ol><p class=\"p6\"><b>EMPF\u00c4NGER DER DATEN:<span class=\"Apple-converted-space\">\u00a0<\/span><\/b><\/p><p class=\"p14\">Im Rahmen der o. a. Verarbeitungszwecke k\u00f6nnten Ihre Daten an Empf\u00e4nger weitergegeben werden, die vom Inhaber der Verarbeitungsrechte zu Verantwortlichen ernannt wurden (die Liste dieser Verantwortlichen k\u00f6nnen Sie beim Inhaber der Verarbeitungsrechte anfordern). Verarbeitet werden Ihre erhobenen personenbezogenen Daten auch vom Personal der Firma <b>CANGINI BENNE<\/b> <b>S.R.L<\/b> nach spezifischen Vorgaben f\u00fcr die Datenverarbeitung f\u00fcr bestimmte Aufgaben und Funktionen, welche die Unterfertigung spezifischer Vertraulichkeitsverpflichtungen erfordert. Ihre Daten werden in keiner Weise weiter verbreitet. <span class=\"Apple-converted-space\">\u00a0<\/span><\/p><p class=\"p5\"><span class=\"Apple-converted-space\">\u00a0<\/span><\/p><p class=\"p6\"><b>DATEN\u00dcBERMITTLUNG AN DRITTL\u00c4NDER: <span class=\"Apple-converted-space\">\u00a0<\/span><\/b><\/p><p class=\"p14\"><span class=\"s3\">Derzeit ist keine \u00dcbertragung Ihrer Daten in Drittl\u00e4nder vorgesehen. Sollte dies erforderlich werden, dann nur u<\/span>nter Einhaltung der anwendbaren gesetzlichen Bestimmungen nach vorheriger Unterzeichnung der von der Europ\u00e4ischen Kommission vorgesehenen Standard-Vertragsklauseln und allf\u00e4lliger Benachrichtigung der Betroffenen<\/p><p class=\"p15\"><span class=\"Apple-converted-space\">\u00a0<\/span><\/p><p class=\"p5\"><span class=\"Apple-converted-space\">\u00a0<\/span><\/p><p class=\"p5\"><span class=\"Apple-converted-space\">\u00a0<\/span><\/p><p class=\"p6\"><b>DAUER DER AUFBEWAHRUNG: <span class=\"Apple-converted-space\">\u00a0<\/span><\/b><\/p><p class=\"p12\">Auf der Grundlage des Prinzips der zeitlichen Beschr\u00e4nkung der Aufbewahrung der Daten (Art.5 der DSGVO) werden die aufbewahrten Daten regelm\u00e4\u00dfig auf ihre Obsoleszenz im Hinblick auf die Zwecke, f\u00fcr die sie erhoben wurden, wie folgt \u00fcberpr\u00fcft:<span class=\"Apple-converted-space\">\u00a0<\/span><\/p><ol class=\"ol1\"><li class=\"li7\">Die automatisch gesammelten Daten werden nur solange als notwendig aufbewahrt und verarbeitet und ausschlie\u00dflich, um statistische Informationen \u00fcber die Nutzung der Website zu erhalten, deren einwandfreie Funktion zu \u00fcberwachen, sowie aus sicherheitstechnischen und gesetzlichen Erfordernissen.<span class=\"Apple-converted-space\">\u00a0<\/span><\/li><li class=\"li7\">Die von Ihnen freiwillig angegebenen Daten werden nicht l\u00e4nger als zum Erreichen der Zwecke, f\u00fcr die sie verarbeitet werden, erforderlich oder gesetzlich vorgeschrieben ist aufbewahrt.<span class=\"Apple-converted-space\">\u00a0<\/span><\/li><li class=\"li13\">Die \u00fcber Cookies gesammelten Daten: beachten Sie diesbez\u00fcglich bitte die Datenschutzerkl\u00e4rung f\u00fcr Cookies.<span class=\"Apple-converted-space\">\u00a0<\/span><\/li><\/ol><p class=\"p6\"><b>RECHTE DER BETROFFENEN:<span class=\"Apple-converted-space\">\u00a0<\/span><\/b><\/p><p class=\"p6\">Sie haben das Recht auf <b>Zugriff<\/b> auf Ihre personenbezogenen Daten, auf deren <b>Berichtigung<\/b>, deren <b>L\u00f6schung<\/b>, die <b>Beschr\u00e4nkung <\/b>der Verarbeitung, auf <i>Einspruch<\/i> gegen die Verarbeitung, auf die <b>\u00dcbertragbarkeit <\/b>Ihrer Daten, und k\u00f6nnen Ihre Zustimmung zur Verarbeitung sowie alle anderen von der DSGVO vorgesehenen Rechte jederzeit durch eine einfache Mitteilung an den Inhaber der Verarbeitungsrechte einfordern. Sie haben das Recht, bei einer Aufsichtsbeh\u00f6rde eine Beschwerde vorzubringen.<\/p><p class=\"p5\"><span class=\"Apple-converted-space\">\u00a0<\/span><\/p><p class=\"p6\"><b>IST DIE \u00dcBERLASSUNG DER DATEN OBLIGATORISCH ODER NICHT? <span class=\"Apple-converted-space\">\u00a0<\/span><\/b><\/p><p class=\"p6\">Beim Surfen auf unserer Website ist die \u00dcberlassung und Verarbeitung Ihrer Daten wie unter den o. a. Punkten 1 und 2 angef\u00fchrt f\u00fcr eine korrekte Durchf\u00fchrung unserer Dienstleistungen unbedingt erforderlich. <span class=\"Apple-converted-space\">\u00a0<\/span><\/p>\t\t\t\t\t\t\t\t<\/div>\n\t\t\t\t<\/div>\n\t\t\t\t\t<\/div>\n\t\t<\/div>\n\t\t\t\t\t<\/div>\n\t\t<\/section>\n\t\t\t\t<\/div>\n\t\t","protected":false},"excerpt":{"rendered":"<p>DATENSCHUTZERKL\u00c4RUNG \u2013 www.canginibenne.com\u00a0 \u00a0 Geehrte Nutzerinnen und Nutzer, gem\u00e4\u00df Art. 13, Abs. 1 der europ\u00e4ischen Datenschutz-Grundverordnung (DSGVO) m\u00fcssen Sie im Falle der direkten Sammlung Ihrer Daten als Betroffene \u00fcber die Grundlagen der Verarbeitung Ihrer Daten laut \u00a7 1,\u00a0 lit. a\/f informiert werden. In diesem Sinne informieren wir Sie wie folgt:\u00a0 \u00a0 INHABER DER DATENVERARBEITUNGSRECHTE Inhaber [&hellip;]<\/p>\n","protected":false},"author":1,"featured_media":0,"parent":0,"menu_order":0,"comment_status":"closed","ping_status":"closed","template":"","meta":{"_acf_changed":false,"footnotes":""},"class_list":["post-6489","page","type-page","status-publish","hentry"],"acf":[],"_links":{"self":[{"href":"https:\/\/www.canginibenne.com\/de\/wp-json\/wp\/v2\/pages\/6489","targetHints":{"allow":["GET"]}}],"collection":[{"href":"https:\/\/www.canginibenne.com\/de\/wp-json\/wp\/v2\/pages"}],"about":[{"href":"https:\/\/www.canginibenne.com\/de\/wp-json\/wp\/v2\/types\/page"}],"author":[{"embeddable":true,"href":"https:\/\/www.canginibenne.com\/de\/wp-json\/wp\/v2\/users\/1"}],"replies":[{"embeddable":true,"href":"https:\/\/www.canginibenne.com\/de\/wp-json\/wp\/v2\/comments?post=6489"}],"version-history":[{"count":0,"href":"https:\/\/www.canginibenne.com\/de\/wp-json\/wp\/v2\/pages\/6489\/revisions"}],"wp:attachment":[{"href":"https:\/\/www.canginibenne.com\/de\/wp-json\/wp\/v2\/media?parent=6489"}],"curies":[{"name":"wp","href":"https:\/\/api.w.org\/{rel}","templated":true}]}}

Datenschutzerklärung

<div data-elementor-type="wp-page" data-elementor-id="6489" class="elementor elementor-6489 elementor-39" data-elementor-post-type="page">
						<section class="elementor-section elementor-top-section elementor-element elementor-element-5504c0b elementor-section-stretched elementor-section-boxed elementor-section-height-default elementor-section-height-default" data-id="5504c0b" data-element_type="section" data-e-type="section" data-settings="{&quot;stretch_section&quot;:&quot;section-stretched&quot;}">
						<div class="elementor-container elementor-column-gap-default">
					<div class="elementor-column elementor-col-100 elementor-top-column elementor-element elementor-element-bad9d37" data-id="bad9d37" data-element_type="column" data-e-type="column">
			<div class="elementor-widget-wrap elementor-element-populated">
						<div class="elementor-element elementor-element-978f8af elementor-widget elementor-widget-text-editor" data-id="978f8af" data-element_type="widget" data-e-type="widget" data-widget_type="text-editor.default">
				<div class="elementor-widget-container">
									<p class="p1"><b>DATENSCHUTZERKLÄRUNG – </b><span class="s1"><b>www.canginibenne.com</b></span><b><span class="Apple-converted-space"> </span></b></p><p class="p2"><span class="Apple-converted-space"> </span></p><p class="p3">Geehrte Nutzerinnen und Nutzer, gemäß Art. 13, Abs. 1 der europäischen Datenschutz-Grundverordnung (DSGVO) müssen Sie im Falle der direkten Sammlung Ihrer Daten als Betroffene über die Grundlagen der Verarbeitung Ihrer Daten laut § 1,<span class="Apple-converted-space">  </span>lit. a/f informiert werden. In diesem Sinne informieren wir Sie wie folgt:<span class="Apple-converted-space"> </span></p><p class="p5"><span class="Apple-converted-space"> </span></p><p class="p6"><b>INHABER DER DATENVERARBEITUNGSRECHTE</b></p><p class="p7">Inhaber der Datenverarbeitungsrechte ist die Firma <b>CANGINI BENNE S.R.L.</b>, mit Sitz in Sarsina in der Via Savio 29/31<span class="Apple-converted-space">  </span>PEC (zertifizierte E-Mai-Adresse):<span class="s1"> info@pec.canginibenne.com</span> E-MAIL: <span class="s1">privacy@canginibenne.com</span> TEL.: 0547698020 FAX: 054794363</p><p class="p8"><span class="Apple-converted-space"> </span></p><p class="p6"><b>ART DER DATENVERARBEITUNG:<span class="Apple-converted-space"> </span></b></p><p class="p6">Die von Ihnen bereitgestellten personenbezogenen Daten werden von uns unter Einhaltung aller Auflagen der o. a. DSGVO und unserer firmeninternen Vertraulichkeitsstandards verarbeitet. Diese Verarbeitung erfolgt sowohl auf Papier als auch elektronisch auf zweckgeeigneten Datenträgern (wie zum Beispiel cloudbasierten Systemen, digitalen Archivierungs-/Speicherungssystemen) und in jedem Fall so, dass alle von der DSGVO vorgegebenen technischen und organisatorischen Sicherheitsvorgaben eingehalten werden. <span class="Apple-converted-space"> </span></p><p class="p8"><b><span class="Apple-converted-space"> </span></b></p><p class="p6"><b>DATENKATEGORIEN: <span class="Apple-converted-space"> </span></b></p><p class="p9">Gegenstand der Verarbeitung können Ihre folgenden personenbezogenen Daten sein:<span class="Apple-converted-space"> </span></p><ol class="ol1"><li class="li10"><b>Automatisch erhobene Daten</b>. Die für das Funktionieren der Website erforderlichen Informatiksysteme und Abläufe erheben während dem normalen Betrieb einige personenbezogene Daten, die bei der Benutzung der Internet-Kommunikationsprotokolle automatisch übertragen werden. Diese Informationen werden nicht gesammelt, um identifizierten Betroffenen zugeordnet zu werden, könnten aber auf Grund ihrer Beschaffenheit durch Auswertungen und Zuordnungen zu Daten im Besitz Dritter eine Identifizierung der NutzerInnen möglich machen. In diese Kategorie von Daten fallen die IP-Adressen oder die Domainnamen der von den Besuchern der Website benutzten Computer, die URI-Adressen (<i>Uniform Ressource Identifier</i>) der aufgerufenen Ressourcen, die Uhrzeit der Anfrage, die bei der Unterbreitung der Anfrage an den Server angewandte Methode, die Größe der Antwortdatei, der numerische Code zur Identifizierung des Status der Serverantwort (erledigt, Fehler, usw.) und andere Parameter zum Betriebssystem und zur Informatikumgebung des Nutzers. Diese Daten werden nur verarbeitet, um statistische Informationen zur Nutzung der Websitedienste zu erhalten und deren korrekte Funktion zu überwachen. <span class="Apple-converted-space"> </span></li><li class="li7"><b>Von Ihnen freiwillig bereitgestellte Daten</b>. Für das freiwillige und ausdrückliche Absenden elektronischer Post an die in den diversen Zugriffkanälen dieser Website angegebenen Kontaktadressen des Inhabers ist keine Einholung der Zustimmung des Absenders erforderlich, und die zum Beantworten der Anfrage erforderlichen Daten und die Adresse des Absenders sowie allfällige andere im Schreiben angegebene personenbezogene Daten werden erhoben. Diese Daten verstehen sich als mit der Anfrage um Erbringung von Dienstleistungen freiwillig bereitgestellte Daten. Auf den Seiten “Karriere”,“Kontakt“, „Händler Werden“ und “Newsletter” dieser Website hingegen finden Sie zusammenfassende spezifische. Datenschutzerklärungen und müssen der Nutzung Ihrer beim Ausfüllen der Formulare angegebenen Daten ausdrücklich zustimmen, um die Formulare absenden zu können.<span class="Apple-converted-space"> </span></li><li class="li11"><b>Cookies</b>. Diese Website benutzt Cookies. Für weitere Informationen steht Ihnen eine eigene <b>Cookie-Datenschutzerklärung </b>zur Verfügung.<span class="Apple-converted-space"> </span></li></ol><p class="p6"><b>QUELLE DER PERSONENBEZOGENEN DATEN: <span class="Apple-converted-space"> </span></b></p><p class="p6">Die im Besitz des Inhabers befindlichen personenbezogenen Daten werden direkt bei den Betroffenen gesammelt.<span class="Apple-converted-space"> </span></p><p class="p12"><b>ZWECKE UND RECHTSGRUNDLAGE DER DATENVERARBEITUNG:<span class="Apple-converted-space"> </span></b></p><p class="p12">Die Verarbeitung Ihrer Daten hat die folgenden Zwecke und Rechtsgrundlagen:<span class="Apple-converted-space"> </span></p><ol class="ol1"><li class="li7">Für die <b>automatische erhobenen Daten </b>ist die Rechtsgrundlage das legitime Interesse des Inhabers der Verarbeitungsrechte und der Zweck die Gewährleistung und Optimierung der Nutzung der Website.<span class="Apple-converted-space"> </span></li><li class="li7">Für die <b>freiwillig bereitgestellten Daten</b> ist die Rechtsgrundlage die Erfüllung einer gesetzlichen Pflicht und der Zweck die Ermöglichung der Zusendung von Antworten auf die Anfragen der BesucherInnen; für die Seiten “Karriere”,“Kontakt“, „Händler Werden“ und “Newsletter” sind Zwecke und Rechtsgrundlage in den jeweils dort angeführten spezifischen Datenschutzerklärungen angegeben.<span class="Apple-converted-space"> </span></li><li class="li13">Für die <b>Cookies</b>: beachten Sie bitte die spezifische Datenschutzerklärung für Cookies.<span class="Apple-converted-space"> </span></li></ol><p class="p6"><b>EMPFÄNGER DER DATEN:<span class="Apple-converted-space"> </span></b></p><p class="p14">Im Rahmen der o. a. Verarbeitungszwecke könnten Ihre Daten an Empfänger weitergegeben werden, die vom Inhaber der Verarbeitungsrechte zu Verantwortlichen ernannt wurden (die Liste dieser Verantwortlichen können Sie beim Inhaber der Verarbeitungsrechte anfordern). Verarbeitet werden Ihre erhobenen personenbezogenen Daten auch vom Personal der Firma <b>CANGINI BENNE</b> <b>S.R.L</b> nach spezifischen Vorgaben für die Datenverarbeitung für bestimmte Aufgaben und Funktionen, welche die Unterfertigung spezifischer Vertraulichkeitsverpflichtungen erfordert. Ihre Daten werden in keiner Weise weiter verbreitet. <span class="Apple-converted-space"> </span></p><p class="p5"><span class="Apple-converted-space"> </span></p><p class="p6"><b>DATENÜBERMITTLUNG AN DRITTLÄNDER: <span class="Apple-converted-space"> </span></b></p><p class="p14"><span class="s3">Derzeit ist keine Übertragung Ihrer Daten in Drittländer vorgesehen. Sollte dies erforderlich werden, dann nur u</span>nter Einhaltung der anwendbaren gesetzlichen Bestimmungen nach vorheriger Unterzeichnung der von der Europäischen Kommission vorgesehenen Standard-Vertragsklauseln und allfälliger Benachrichtigung der Betroffenen</p><p class="p15"><span class="Apple-converted-space"> </span></p><p class="p5"><span class="Apple-converted-space"> </span></p><p class="p5"><span class="Apple-converted-space"> </span></p><p class="p6"><b>DAUER DER AUFBEWAHRUNG: <span class="Apple-converted-space"> </span></b></p><p class="p12">Auf der Grundlage des Prinzips der zeitlichen Beschränkung der Aufbewahrung der Daten (Art.5 der DSGVO) werden die aufbewahrten Daten regelmäßig auf ihre Obsoleszenz im Hinblick auf die Zwecke, für die sie erhoben wurden, wie folgt überprüft:<span class="Apple-converted-space"> </span></p><ol class="ol1"><li class="li7">Die automatisch gesammelten Daten werden nur solange als notwendig aufbewahrt und verarbeitet und ausschließlich, um statistische Informationen über die Nutzung der Website zu erhalten, deren einwandfreie Funktion zu überwachen, sowie aus sicherheitstechnischen und gesetzlichen Erfordernissen.<span class="Apple-converted-space"> </span></li><li class="li7">Die von Ihnen freiwillig angegebenen Daten werden nicht länger als zum Erreichen der Zwecke, für die sie verarbeitet werden, erforderlich oder gesetzlich vorgeschrieben ist aufbewahrt.<span class="Apple-converted-space"> </span></li><li class="li13">Die über Cookies gesammelten Daten: beachten Sie diesbezüglich bitte die Datenschutzerklärung für Cookies.<span class="Apple-converted-space"> </span></li></ol><p class="p6"><b>RECHTE DER BETROFFENEN:<span class="Apple-converted-space"> </span></b></p><p class="p6">Sie haben das Recht auf <b>Zugriff</b> auf Ihre personenbezogenen Daten, auf deren <b>Berichtigung</b>, deren <b>Löschung</b>, die <b>Beschränkung </b>der Verarbeitung, auf <i>Einspruch</i> gegen die Verarbeitung, auf die <b>Übertragbarkeit </b>Ihrer Daten, und können Ihre Zustimmung zur Verarbeitung sowie alle anderen von der DSGVO vorgesehenen Rechte jederzeit durch eine einfache Mitteilung an den Inhaber der Verarbeitungsrechte einfordern. Sie haben das Recht, bei einer Aufsichtsbehörde eine Beschwerde vorzubringen.</p><p class="p5"><span class="Apple-converted-space"> </span></p><p class="p6"><b>IST DIE ÜBERLASSUNG DER DATEN OBLIGATORISCH ODER NICHT? <span class="Apple-converted-space"> </span></b></p><p class="p6">Beim Surfen auf unserer Website ist die Überlassung und Verarbeitung Ihrer Daten wie unter den o. a. Punkten 1 und 2 angeführt für eine korrekte Durchführung unserer Dienstleistungen unbedingt erforderlich. <span class="Apple-converted-space"> </span></p>								</div>
				</div>
					</div>
		</div>
					</div>
		</section>
				</div>

<p>DATENSCHUTZERKLÄRUNG – www.canginibenne.com    Geehrte Nutzerinnen und Nutzer, gemäß Art. 13, Abs. 1 der europäischen Datenschutz-Grundverordnung (DSGVO) müssen Sie im Falle der direkten Sammlung Ihrer Daten als Betroffene über die Grundlagen der Verarbeitung Ihrer Daten laut § 1,  lit. a/f informiert werden. In diesem Sinne informieren wir Sie wie folgt:    INHABER DER DATENVERARBEITUNGSRECHTE Inhaber [&hellip;]</p>
