{"id":16216,"date":"2022-05-30T17:16:32","date_gmt":"2022-05-30T15:16:32","guid":{"rendered":"https:\/\/www.canginibenne.com\/privacy-dealer\/"},"modified":"2024-02-01T17:44:00","modified_gmt":"2024-02-01T16:44:00","slug":"privacy-dealer","status":"publish","type":"page","link":"https:\/\/www.canginibenne.com\/de\/privacy-dealer\/","title":{"rendered":"Privacy H\u00c4NDLER"},"content":{"rendered":"\t\t<div data-elementor-type=\"wp-page\" data-elementor-id=\"16216\" class=\"elementor elementor-16216 elementor-15377\" data-elementor-post-type=\"page\">\n\t\t\t\t\t\t<section class=\"elementor-section elementor-top-section elementor-element elementor-element-e2de334 elementor-section-stretched elementor-section-boxed elementor-section-height-default elementor-section-height-default\" data-id=\"e2de334\" data-element_type=\"section\" data-e-type=\"section\" data-settings=\"{&quot;stretch_section&quot;:&quot;section-stretched&quot;}\">\n\t\t\t\t\t\t<div class=\"elementor-container elementor-column-gap-default\">\n\t\t\t\t\t<div class=\"elementor-column elementor-col-100 elementor-top-column elementor-element elementor-element-14e430f\" data-id=\"14e430f\" data-element_type=\"column\" data-e-type=\"column\">\n\t\t\t<div class=\"elementor-widget-wrap elementor-element-populated\">\n\t\t\t\t\t\t<div class=\"elementor-element elementor-element-495de37 elementor-widget elementor-widget-text-editor\" data-id=\"495de37\" data-element_type=\"widget\" data-e-type=\"widget\" data-widget_type=\"text-editor.default\">\n\t\t\t\t<div class=\"elementor-widget-container\">\n\t\t\t\t\t\t\t\t\t<p class=\"p1\"><span class=\"s1\"><b>FORMULAR \u201cWERDEN SIE H\u00c4NDLER\u201d<\/b><\/span><\/p><p class=\"p3\">Geehrte Nutzer und Nutzerinnen, gem\u00e4\u00df Art. 13, Abs. 1 der europ\u00e4ischen Datenschutz-Grundverordnung (DSGVO) m\u00fcssen Sie im Falle der direkten Sammlung Ihrer Daten als Betroffene informiert werden \u00fcber die Grundlagen der Verarbeitung Ihrer Daten laut \u00a7 1,<span class=\"Apple-converted-space\">\u00a0 <\/span>lit. a\/f. In diesem Sinne informieren wir Sie wie folgt:<span class=\"Apple-converted-space\">\u00a0<\/span><\/p><p class=\"p5\"><b>INHABER DER VERARBEITUNGSRECHTE<\/b><\/p><p class=\"p6\">Inhaber der Datenverarbeitungsrechte ist die Firma <b>CANGINI BENNE S.R.L.<\/b>, mit Sitz in Sarsina in der Via Savio 29\/31<span class=\"Apple-converted-space\">\u00a0<\/span><\/p><p class=\"p6\"><b>PEC <\/b>(zertifizierte E-Mail-Adresse):<span class=\"s2\"> <a href=\"mailto:info@pec.canginibenne.com\"><span class=\"s3\">info@pec.canginibenne.com<\/span><\/a><\/span> <b>E-MAIL<\/b>: <a href=\"mailto:privacy@canginibenne.com\"><span class=\"s2\">privacy@canginibenne.com<\/span><\/a> <b>TEL.<\/b>: 0547698020 <b>FAX<\/b>: 054794363<\/p><p class=\"p5\"><b>ZWECKE<\/b><\/p><p class=\"p8\">Die Daten werden in einer Datenbank ausschlie\u00dflich zu den folgenden Zwecken gesammelt: Bearbeitung Ihre Anfrage, H\u00e4ndler f\u00fcr Cangini Benne s.r.l. zu werden; die von Ihnen zur Verf\u00fcgung gestellten Daten k\u00f6nnten f\u00fcr statistische Zwecke genutzt werden. Die Rechtsgrundlage fu\u00dft auf vertraglichen oder vorvertraglichen Erfordernissen gem. Art. 6 Abs.1 lit. b) der DSGVO. Bei den verarbeiteten Datenkategorien handelt es sich um direkt bei den Betroffenen gesammelte personenbezogene Daten.<span class=\"Apple-converted-space\">\u00a0<\/span><\/p><p class=\"p5\"><b>ART DER VERARBEITUNG<\/b><\/p><p class=\"p10\">F\u00fcr die o. a. Zwecke erfolgt die Verarbeitung Ihrer personenbezogenen Daten sowohl auf Papier als auch elektronisch bzw. automatisiert mit streng zweckgebundenen Logiken und in jedem Fall so, dass<span class=\"Apple-converted-space\">\u00a0 <\/span>Sicherheit und Vertraulichkeit sowie die Einhaltung aller gesetzlichen Auflagen stets gew\u00e4hrleistet sind. <span class=\"Apple-converted-space\">\u00a0<\/span><\/p><p class=\"p5\"><b>WEITERGABE DER DATEN<\/b><\/p><p class=\"p8\"><span class=\"s5\">Empf\u00e4nger bzw. m\u00f6gliche Empf\u00e4ngerkategorien sind<\/span><span class=\"s6\">: Selbst\u00e4ndige, die als externe Verantwortliche f\u00fcr die Datenverarbeitung mit unserer Firma zusammenarbeiten. Die Daten werden nicht weiter verbreitet. <\/span>Innerhalb unserer Firma k\u00f6nnen nur mit der Verarbeitung beauftragte Angestellte und Mitarbeiter davon Kenntnis erlangen. Die Daten k\u00f6nnten unter Einhaltung der anwendbaren gesetzlichen Bestimmungen nach vorheriger Unterzeichnung der von der Europ\u00e4ischen Kommission vorgesehenen Standard-Vertragsklauseln und allf\u00e4lliger Benachrichtigung der Betroffenen in Nicht-EU-L\u00e4nder ausgelagert oder an eine internationale Organisation \u00fcbermittelt werden.<\/p><p class=\"p11\"><b>DAUER DER AUFBEWAHRUNG<\/b><\/p><p class=\"p12\">Die in den H\u00e4ndlerbewerberdatenbanken enthaltenen personenbezogenen Daten werden nur f\u00fcr die zum Abwickeln bzw. Erreichen der o. a. Zwecke erforderliche Zeit und in jedem Fall maximal f\u00fcr 24 Monate ab Eingang aufbewahrt. Die uns mitgeteilten Daten k\u00f6nnen Gegenstand weiterer Verarbeitung sein, wenn eine Zusammenarbeit mit der\/dem Betroffenen zustande kommt, wie dies in der Datenschutzerkl\u00e4rung von Cangini Benne s.r.l. dargelegt wird.<\/p><p class=\"p15\"><b>RECHTE DER BETROFFENEN<\/b><\/p><p class=\"p12\">Sie haben das Recht auf <b>Zugriff<\/b> auf Ihre personenbezogenen Daten, auf deren <b>Berichtigung<\/b>, deren <b>L\u00f6schung<\/b>, die <b>Beschr\u00e4nkung der Verarbeitung <\/b>Ihrer Daten, auf <b>Einspruch<\/b> gegen deren Verarbeitung, auf die \u00dcbertragbarkeit Ihrer Daten. Sie haben das Recht, bei einer Aufsichtsbeh\u00f6rde eine Beschwerde vorzubringen.<\/p><p class=\"p11\"><b>FOLGEN DER WEIGERUNG, UNS IHRE DATEN ZU \u00dcBERLASSEN<\/b><span class=\"s6\"><b><span class=\"Apple-converted-space\">\u00a0<\/span><\/b><\/span><\/p><p class=\"p17\">Die \u00dcberlassung Ihrer personenbezogenen Daten ist grundlegende Voraussetzung f\u00fcr die Bearbeitung und Beantwortung Ihrer Anfrage sowie die sich eventuell daraus ergebenden Abl\u00e4ufe zur Errichtung eines Arbeitsverh\u00e4ltnisses. Eine Weigerung Ihrerseits, uns Ihre Daten zur Verf\u00fcgung zu stellen, macht deren Verarbeitung unm\u00f6glich und Ihr Profil kann daher nicht f\u00fcr eine zuk\u00fcnftige Zusammenarbeit ber\u00fccksichtigt werden.<\/p>\t\t\t\t\t\t\t\t<\/div>\n\t\t\t\t<\/div>\n\t\t\t\t\t<\/div>\n\t\t<\/div>\n\t\t\t\t\t<\/div>\n\t\t<\/section>\n\t\t\t\t<\/div>\n\t\t","protected":false},"excerpt":{"rendered":"<p>FORMULAR \u201cWERDEN SIE H\u00c4NDLER\u201d Geehrte Nutzer und Nutzerinnen, gem\u00e4\u00df Art. 13, Abs. 1 der europ\u00e4ischen Datenschutz-Grundverordnung (DSGVO) m\u00fcssen Sie im Falle der direkten Sammlung Ihrer Daten als Betroffene informiert werden \u00fcber die Grundlagen der Verarbeitung Ihrer Daten laut \u00a7 1,&nbsp; lit. a\/f. In diesem Sinne informieren wir Sie wie folgt:&nbsp; INHABER DER VERARBEITUNGSRECHTE Inhaber der [&hellip;]<\/p>\n","protected":false},"author":1,"featured_media":0,"parent":0,"menu_order":0,"comment_status":"closed","ping_status":"closed","template":"","meta":{"_acf_changed":false,"footnotes":""},"class_list":["post-16216","page","type-page","status-publish","hentry"],"acf":[],"_links":{"self":[{"href":"https:\/\/www.canginibenne.com\/de\/wp-json\/wp\/v2\/pages\/16216","targetHints":{"allow":["GET"]}}],"collection":[{"href":"https:\/\/www.canginibenne.com\/de\/wp-json\/wp\/v2\/pages"}],"about":[{"href":"https:\/\/www.canginibenne.com\/de\/wp-json\/wp\/v2\/types\/page"}],"author":[{"embeddable":true,"href":"https:\/\/www.canginibenne.com\/de\/wp-json\/wp\/v2\/users\/1"}],"replies":[{"embeddable":true,"href":"https:\/\/www.canginibenne.com\/de\/wp-json\/wp\/v2\/comments?post=16216"}],"version-history":[{"count":0,"href":"https:\/\/www.canginibenne.com\/de\/wp-json\/wp\/v2\/pages\/16216\/revisions"}],"wp:attachment":[{"href":"https:\/\/www.canginibenne.com\/de\/wp-json\/wp\/v2\/media?parent=16216"}],"curies":[{"name":"wp","href":"https:\/\/api.w.org\/{rel}","templated":true}]}}

Privacy HÄNDLER

<div data-elementor-type="wp-page" data-elementor-id="16216" class="elementor elementor-16216 elementor-15377" data-elementor-post-type="page">
						<section class="elementor-section elementor-top-section elementor-element elementor-element-e2de334 elementor-section-stretched elementor-section-boxed elementor-section-height-default elementor-section-height-default" data-id="e2de334" data-element_type="section" data-e-type="section" data-settings="{&quot;stretch_section&quot;:&quot;section-stretched&quot;}">
						<div class="elementor-container elementor-column-gap-default">
					<div class="elementor-column elementor-col-100 elementor-top-column elementor-element elementor-element-14e430f" data-id="14e430f" data-element_type="column" data-e-type="column">
			<div class="elementor-widget-wrap elementor-element-populated">
						<div class="elementor-element elementor-element-495de37 elementor-widget elementor-widget-text-editor" data-id="495de37" data-element_type="widget" data-e-type="widget" data-widget_type="text-editor.default">
				<div class="elementor-widget-container">
									<p class="p1"><span class="s1"><b>FORMULAR “WERDEN SIE HÄNDLER”</b></span></p><p class="p3">Geehrte Nutzer und Nutzerinnen, gemäß Art. 13, Abs. 1 der europäischen Datenschutz-Grundverordnung (DSGVO) müssen Sie im Falle der direkten Sammlung Ihrer Daten als Betroffene informiert werden über die Grundlagen der Verarbeitung Ihrer Daten laut § 1,<span class="Apple-converted-space">  </span>lit. a/f. In diesem Sinne informieren wir Sie wie folgt:<span class="Apple-converted-space"> </span></p><p class="p5"><b>INHABER DER VERARBEITUNGSRECHTE</b></p><p class="p6">Inhaber der Datenverarbeitungsrechte ist die Firma <b>CANGINI BENNE S.R.L.</b>, mit Sitz in Sarsina in der Via Savio 29/31<span class="Apple-converted-space"> </span></p><p class="p6"><b>PEC </b>(zertifizierte E-Mail-Adresse):<span class="s2"> <a href="mailto:info@pec.canginibenne.com"><span class="s3">info@pec.canginibenne.com</span></a></span> <b>E-MAIL</b>: <a href="mailto:privacy@canginibenne.com"><span class="s2">privacy@canginibenne.com</span></a> <b>TEL.</b>: 0547698020 <b>FAX</b>: 054794363</p><p class="p5"><b>ZWECKE</b></p><p class="p8">Die Daten werden in einer Datenbank ausschließlich zu den folgenden Zwecken gesammelt: Bearbeitung Ihre Anfrage, Händler für Cangini Benne s.r.l. zu werden; die von Ihnen zur Verfügung gestellten Daten könnten für statistische Zwecke genutzt werden. Die Rechtsgrundlage fußt auf vertraglichen oder vorvertraglichen Erfordernissen gem. Art. 6 Abs.1 lit. b) der DSGVO. Bei den verarbeiteten Datenkategorien handelt es sich um direkt bei den Betroffenen gesammelte personenbezogene Daten.<span class="Apple-converted-space"> </span></p><p class="p5"><b>ART DER VERARBEITUNG</b></p><p class="p10">Für die o. a. Zwecke erfolgt die Verarbeitung Ihrer personenbezogenen Daten sowohl auf Papier als auch elektronisch bzw. automatisiert mit streng zweckgebundenen Logiken und in jedem Fall so, dass<span class="Apple-converted-space">  </span>Sicherheit und Vertraulichkeit sowie die Einhaltung aller gesetzlichen Auflagen stets gewährleistet sind. <span class="Apple-converted-space"> </span></p><p class="p5"><b>WEITERGABE DER DATEN</b></p><p class="p8"><span class="s5">Empfänger bzw. mögliche Empfängerkategorien sind</span><span class="s6">: Selbständige, die als externe Verantwortliche für die Datenverarbeitung mit unserer Firma zusammenarbeiten. Die Daten werden nicht weiter verbreitet. </span>Innerhalb unserer Firma können nur mit der Verarbeitung beauftragte Angestellte und Mitarbeiter davon Kenntnis erlangen. Die Daten könnten unter Einhaltung der anwendbaren gesetzlichen Bestimmungen nach vorheriger Unterzeichnung der von der Europäischen Kommission vorgesehenen Standard-Vertragsklauseln und allfälliger Benachrichtigung der Betroffenen in Nicht-EU-Länder ausgelagert oder an eine internationale Organisation übermittelt werden.</p><p class="p11"><b>DAUER DER AUFBEWAHRUNG</b></p><p class="p12">Die in den Händlerbewerberdatenbanken enthaltenen personenbezogenen Daten werden nur für die zum Abwickeln bzw. Erreichen der o. a. Zwecke erforderliche Zeit und in jedem Fall maximal für 24 Monate ab Eingang aufbewahrt. Die uns mitgeteilten Daten können Gegenstand weiterer Verarbeitung sein, wenn eine Zusammenarbeit mit der/dem Betroffenen zustande kommt, wie dies in der Datenschutzerklärung von Cangini Benne s.r.l. dargelegt wird.</p><p class="p15"><b>RECHTE DER BETROFFENEN</b></p><p class="p12">Sie haben das Recht auf <b>Zugriff</b> auf Ihre personenbezogenen Daten, auf deren <b>Berichtigung</b>, deren <b>Löschung</b>, die <b>Beschränkung der Verarbeitung </b>Ihrer Daten, auf <b>Einspruch</b> gegen deren Verarbeitung, auf die Übertragbarkeit Ihrer Daten. Sie haben das Recht, bei einer Aufsichtsbehörde eine Beschwerde vorzubringen.</p><p class="p11"><b>FOLGEN DER WEIGERUNG, UNS IHRE DATEN ZU ÜBERLASSEN</b><span class="s6"><b><span class="Apple-converted-space"> </span></b></span></p><p class="p17">Die Überlassung Ihrer personenbezogenen Daten ist grundlegende Voraussetzung für die Bearbeitung und Beantwortung Ihrer Anfrage sowie die sich eventuell daraus ergebenden Abläufe zur Errichtung eines Arbeitsverhältnisses. Eine Weigerung Ihrerseits, uns Ihre Daten zur Verfügung zu stellen, macht deren Verarbeitung unmöglich und Ihr Profil kann daher nicht für eine zukünftige Zusammenarbeit berücksichtigt werden.</p>								</div>
				</div>
					</div>
		</div>
					</div>
		</section>
				</div>

<p>FORMULAR “WERDEN SIE HÄNDLER” Geehrte Nutzer und Nutzerinnen, gemäß Art. 13, Abs. 1 der europäischen Datenschutz-Grundverordnung (DSGVO) müssen Sie im Falle der direkten Sammlung Ihrer Daten als Betroffene informiert werden über die Grundlagen der Verarbeitung Ihrer Daten laut § 1,&nbsp; lit. a/f. In diesem Sinne informieren wir Sie wie folgt:&nbsp; INHABER DER VERARBEITUNGSRECHTE Inhaber der [&hellip;]</p>
